 11*d - 3*d + 32. Let s(t) = 9*t - 1. Let r(c) = d*o(c) + 7*s(c). Let b(g) = 2*g**2 + 2*g + 1. Let h be b(-1). Give r(h).
-4
Let q be (0 + 1)*(2 - -2). Let g(l) = 4*l**2 - 3*l - 7. Let z(u) = -2*u**2 + 2*u + 5. Let v(h) = g(h) + 3*z(h). What is v(q)?
-12
Let o = -2 + -16. Let c(y) = -3*y**2 + 60*y - 18. Let m be c(20). Let h = o - m. Let d(u) = u**2 + u + 12. Calculate d(h).
12
Let k(l) = 9*l**2 - 2 - 2*l**2 + 6 - l**3. Suppose -5*y = 5*j + 465, 5*y - 5*j + j + 492 = 0. Let w = y + 103. Give k(w).
4
Suppose 67*r - 62*r + 56 = -3*x, -x = -r + 8. Let u(d) = -d**2 - 8*d + 44. Calculate u(x).
-4
Let m be (-20 + 19)*(-5)/(-2)*-2. Suppose -m*q + 53 = 68. Let h(x) = x**3 + 2*x**2 - 2*x + 3. Calculate h(q).
0
Let h = 222 - 242. Let q be 2 + ((-80)/(-2))/4 + -3. Let b be (3 - 100/36) + h/q. Let a(c) = 3*c + 1. Calculate a(b).
-5
Let z = 1073 + -1048. Suppose -48 + 8 = -2*g. Suppose 0 = -p + g - z. Let x(q) = -q**3 - 3*q**2 + 6*q - 4. Give x(p).
16
Suppose -3*a = -15, 0 = 3*v + 3*a - 9 - 576. Let x(y) = y**3 + 63 - 2*y**2 + 60 + 61 - v + 10*y**2 + 6*y. What is x(-7)?
1
Let h(z) = 108 + 76 - 84 + 6 + 123 + 8*z. Give h(-29).
-3
Suppose v + 11*u - 31 = 0, 0 = -v - 4*u + 2*u + 13. Let l(h) be the second derivative of h**3/6 - h. Determine l(v).
9
Let y(x) = 6*x + 42. Let n(i) = -6*i - 48. Let v(d) = 6*n(d) + 7*y(d). Give v(5).
36
Let i(f) = 11*f + 3. Let t = -2767 - -2771. Determine i(t).
47
Suppose -5*n = -15, -5*l - 8*n = -4*n + 18. Let c(f) be the second derivative of -f**3/6 - f**2/2 + 20473*f. Calculate c(l).
5
Suppose -4*d = 4*x + 8, -4*d + 3*x - 49 - 1 = 0. Let w(o) be the first derivative of o**4/4 + 8*o**3/3 - o**2/2 - 6*o + 9. Calculate w(d).
2
Let v(r) be the first derivative of -7*r**6/180 + r**4/24 - 19*r**3/3 - 3. Let c(g) be the third derivative of v(g). Let x be 2/(-8) - 36/48. Give c(x).
-13
Suppose -5*z = 4*b - 46, 5*b + 24*z - 19*z = 55. Let q(n) = -2*n**3 + 12*n**2 + 56*n - 6. What is q(b)?
12
Suppose -w = 3*x + 10 + 7, -w = -3*x - 25. Suppose -3*f + 7*f = 0. Let y(o) = -5*o**2 + f*o**2 - o**3 - o**2 - 10 + 7*o. What is y(x)?
-10
Let a(o) be the second derivative of -o**5/20 - o**4/12 - 2*o**2 - o. Let y(r) = 32*r**3 + 545*r**2 + 4*r - 221. Let u be y(-17). Determine a(u).
-4
Suppose 4 = -9*y + 13. Let b(d) = -2*d - 21. Let s be b(0). Let u(c) = -3*c - 2. Let v(r) = 30*r + 21. Let z(t) = s*u(t) - 2*v(t). Determine z(y).
3
Let l = 0 + 2. Suppose -3*h + 2*a = -7, 3*h + 50*a - 35 = 45*a. Let t(v) = 2 + 4 + 0*v**l + v - v**2 - h - 6*v**3. Determine t(-1).
5
Let x(r) be the first derivative of -r**4/4 + 5*r**3/3 + 19*r**2/2 - 12*r - 11438. Calculate x(7).
23
Let a(u) = u**2 - 38*u + 134. Let z(s) = -690*s + 2794. Let b be z(4). Determine a(b).
-2
Let x(a) be the first derivative of -5/3*a**3 - 1/24*a**4 + 0*a + 15 - 5*a**2. Let k(c) be the second derivative of x(c). Calculate k(-7).
-3
Let h(w) be the first derivative of w**2/2 - 8*w + 1322. Suppose -5*t + c = -20, -2*t - 14 + 5 = 3*c. Determine h(t).
-5
Suppose 3*x - j - 117 = 182, 0 = 2*x + 2*j - 210. Suppose 24 = -x*z + 105*z. Let w(t) = -t + 4. What is w(z)?
-2
Let y(p) = -1555*p - 1557*p + 6219*p - 1563*p - 23 + p**2 - 1555*p. Give y(-3).
19
Let c(v) be the first derivative of -v**5/60 - v**4/12 - 2*v**3/3 + 3*v**2/2 + 20*v - 52. Let f(i) be the second derivative of c(i). Calculate f(-5).
-19
Suppose -1191*k = -1153*k - 456. Let i(f) = 3*f**2 - 36*f - 1. Give i(k).
-1
Let x(c) = c**3 + 6*c**2 - 4*c + 10. Let i(f) be the third derivative of f**6/120 + f**4/4 - 7*f**3/6 + 77*f**2. Let y be i(0). Give x(y).
-11
Let j(h) = 186*h - 2. Suppose -49 + 24 = 5*v, o + v + 5 = 0. What is j(o)?
-2
Let t(z) = 3*z - 9*z - 80 + 6 + 9 + 3*z. Determine t(-27).
16
Suppose 0 = -x - 4*q - 6, 4*x - 4*q + 58 = -3*q. Let w be (x/(-6) - 2)*(1 - 4). Let m(l) = -23*l**2 + 1. Give m(w).
-22
Let q(g) = -4*g**2 - 18*g + 5. Let z be (-8)/(-16) - 9/2. What is q(z)?
13
Let o(f) be the first derivative of 65 - f**2 - 9*f - 1/4*f**4 - 2*f**3. Calculate o(-6).
3
Let j(o) = -o**2 - 5*o - 6. Let y(u) = 9*u**3 - 3*u**2 + 1. Let i be y(-1). Let n(a) = a**2 + 2*a - 20. Let s be n(i). Let v = s + -85. Determine j(v).
-12
Let t(l) = -1412*l**3 + 2 - 12 + 707*l**3 + 707*l**3 + 18*l - 18*l**2. Determine t(8).
6
Let r(k) = 16*k - 83. Let j(t) = -9*t + 47. Let y(u) = 7*j(u) + 4*r(u). What is y(8)?
5
Let k(r) be the first derivative of -13*r**2/2 + 48*r - 1570. Calculate k(4).
-4
Let h(f) = f**2 + 9*f - 16. Let b(w) = 8*w - 44*w + 3 - 5*w**2 + 62. Let a(i) = -2*b(i) - 9*h(i). Let l(g) be the first derivative of a(g). Calculate l(6).
3
Suppose 0 = -6*w + 8*w + 10. Let r = -1 - w. Let j(a) = -19*a + 26*a - 3*a + 1 - 3*a. Give j(r).
5
Let t(b) be the second derivative of b**7/2520 - b**6/90 - b**5/12 + 43*b**4/6 - 14*b - 4. Let h(f) be the third derivative of t(f). Calculate h(8).
-10
Let i = 150303 - 150300. Let q(r) be the second derivative of -r**4/12 + r**3/3 - 3*r**2/2 - r. Calculate q(i).
-6
Let y(t) = 6*t. Let h(c) = -c**2 - 5*c + 15. Let x = -127 - -121. Let w be h(x). Suppose -w*j + 44 = 2*j. What is y(j)?
24
Suppose 9*l - 7 = 2. Let u(n) = n**2 - 2*n + 3. Let p be u(l). Suppose p*a = 4*a - 8. Let h(y) = y**3 - 5*y**2 + 2*y + 1. Calculate h(a).
-7
Let g = -469 - -465. Let v(q) = q**3 + 5*q**2 + 7*q + 7. What is v(g)?
-5
Let m(j) = -j + 4. Let u(i) = -12*i - 102. Let o = 103 + -112. Let n be u(o). Determine m(n).
-2
Let t(s) = s**3 - 14*s**2 - 15*s - 9. Suppose 26*g - 2405 = -2015. Give t(g).
-9
Let f(i) = -i**3 + 8*i**2 - 12*i + 35. Let o be f(5). Let p be (-124)/(-1550) - (-346)/o. Let y(j) = j**2 - 6*j - 8. Give y(p).
-1
Let j be (4 - (4 + 32)/3) + 4. Let n(r) = -16*r**2 - 63*r - 2. What is n(j)?
-6
Let v = -7 + 11. Let r(t) be the first derivative of 2*t**2 - 6*t - 21653. Calculate r(v).
10
Suppose -13*x + 14*x = 4*t - 20, 5*x = -t - 37. Let h(f) = -f**2 - 9*f - 19. Determine h(x).
-11
Let h(w) = -3*w**2 + w**3 + 4*w + 0*w**2 - 7*w - 3. Let f = -175 + 175. Suppose v = 5*s + 24, 5*s + 28 - 8 = f. Calculate h(v).
1
Let t(y) be the third derivative of -3/8*y**4 - 7/3*y**3 - 15*y**2 + 1/60*y**5 + 0*y + 0. Calculate t(12).
22
Let h = -62 + 219. Let i = h + -32. Let x = i + -124. Let t(q) = q**3 - q**2 + 2*q - 1. Give t(x).
1
Let f = -6591 + 6594. Let p(i) be the first derivative of -35 + 1/3*i**f + i**2 - 5*i. Calculate p(-5).
10
Let t(s) = 1 - 6364*s**2 + 0 + 6365*s**2. Suppose -39 + 3 = -12*b. Suppose 5 = 3*k - 5*l, 3*k + 2 = l + b. Determine t(k).
1
Let u(k) = k**3 - k**2 + 1. Let a(g) = -6*g**3 - 2*g**2 + 8*g + 5. Let r = -67 + 66. Let y(p) = r*a(p) - 5*u(p). Let l be 3/(1*(-6)/16). Give y(l).
-10
Let t(s) = 18*s**3 + 5*s**2 - 3*s - 4. Suppose -15*m + 19*m = -16. Let i(l) = 19*l**3 + 6*l**2 - 4*l - 5. Let g(h) = m*t(h) + 3*i(h). What is g(-1)?
14
Let x(q) = 19*q**3 - 62*q**3 + 4*q**2 + 22*q**3 - 2*q**2 + 20*q**3 + 19. Determine x(3).
10
Suppose 15*r - 6 = 99. Suppose -11*b + 52 = -r*b. Let c(f) = f**3 - 13*f**2 + 2*f - 17. Calculate c(b).
9
Let o(n) = 5*n + 194. Suppose -32*c - 2*l = -34*c - 82, 4*c = -4*l - 156. Calculate o(c).
-6
Let b(z) be the first derivative of 3*z**2/2 + 49*z - 6795. What is b(8)?
73
Suppose 0 = 9*y - 10*y. Let h(l) = 10*l - 4*l - l**2 + y*l**2 + 2 - 1. Let k = -316 + 323. Give h(k).
-6
Let t(j) = j - 1. Let f(z) = z - 4. Suppose 3*m + 0*k + 3*k = 0, 6 = 3*m + k. Suppose 2*i + 4 = -r - m*r, -2*r = -2*i - 4. Let l be f(i). What is t(l)?
-7
Let i(g) = -g**3 + 23*g**2 - 2*g - 12. Let x(q) = q**3 - 13*q**2 + 3*q + 13. Let r(b) = 2*i(b) + 3*x(b). What is r(-3)?
36
Let u(q) = 4*q + 1019*q**2 + 12 + 1028*q**2 - 3068*q**2 + 1023*q**2. What is u(-7)?
82
Suppose 7*l = 67 - 60. Let b(x) = 6*x - 6*x + x - x + x**2 - 6*x - l. What is b(7)?
6
Let w(i) = i**3 - 3*i**2 - 5*i - 2. Suppose 2749 + 1235 = -12*c. Let l = c + 337. Calculate w(l).
23
Let o(r) be the third derivative of -3*r**4/8 - 2*r**3/3 - r**2. Let z(d) = -5*d**3 - 136*d**2 + 405*d - 455. Let k be z(-30). What is o(k)?
41
Let j(o) = -9599 - 9588 - 3*o + 19140. Calculate j(-10).
-17
Let j(x) = -136*x - 3*x**2 - 150 + 76 + 8. Give j(-45).
-21
Let t be 2/9 - ((-5473)/117 + 3). Let r be (-15 - (-649)/t) + 23/(-4). Let y(i) = i**2 + 5*i + 3. Calculate y(r).
9
Suppose 54 = -4*c - 26. Let d be (-1)/(-3) - c/(-6). Let w(g) = -3 - 4*g**2 + g - g + 3*g**2 - g. 